 4 + -31 - (-69 - -54). Let r = z - u. What is the remainder when 133 is divided by r?
43
Let t = 8742 + -8639. What is the remainder when t is divided by 97?
6
Let j(g) = 24*g + 1419. What is the remainder when 4252/14 + (-4)/(-14) is divided by j(-57)?
49
Suppose 2*o - 4*q - 117 = 661, -2*o + 3*q + 782 = 0. What is the remainder when 1316 is divided by o?
125
Suppose 653 + 2241 - 797 = 9*p. Calculate the remainder when 707 is divided by p.
8
Let f(m) = 22*m**3 + 3*m**2 + 3*m + 1. Calculate the remainder when f(2) is divided by 9.
6
Suppose 84*t = 97*t - 767. Let i(b) = -4*b**3 - b + 4*b**3 + 3*b + 2*b**3. Calculate the remainder when t is divided by i(2).
19
Let o be ((-1)/2)/((-14)/(-2100)). Let q = o - -241. Suppose a + 3*z - 32 = 8*z, -z = -3*a + q. Calculate the remainder when a is divided by 12.
9
Suppose 6*n - 143 = -7*n. Suppose h = -5*w + 790, 0 = n*w - 12*w + 4*h + 158. Calculate the remainder when w is divided by 9.
5
Let z be (-45)/2 + 0 - 38/(-76). Let c = z - -86. What is the remainder when c is divided by 2/(14/3) + 32/7?
4
Suppose 37 = 20*c - 1843. Suppose -6*d + 918 + 732 = 0. Calculate the remainder when d is divided by c.
87
Suppose 0 = -6*x + 24, -65*x = 3*b - 68*x - 120. What is the remainder when 128 is divided by b?
40
Let y = 1052 + -1014. Suppose 0 = -2*u + 4*z + 232, 4*u - 209 - 268 = -5*z. Calculate the remainder when u is divided by y.
4
Suppose 4*r = 2*w + 4, -w - 4 = -5*r + 2*r. Suppose 0*p = -3*z + p + 71, -5*z + 122 = r*p. What is the remainder when 406 is divided by z?
22
Suppose -16*q + 39 = -25. Suppose q*a = 1222 + 574. What is the remainder when a is divided by 45?
44
Let f = -21 - -23. Suppose -3*t + 4 = -f. Suppose 2*y = -4*n + 94, t*y - 1 = 5. Calculate the remainder when 64 is divided by n.
20
Let m = 7353 + -7297. Suppose 2*g + 28 - 2 = 0. Let n = g - -32. What is the remainder when m is divided by n?
18
Let q be (14/49 + (-18)/14)*107. Let v = q - -113. Calculate the remainder when 45 is divided by v.
3
Suppose 55*m = 45*m + 100050. Calculate the remainder when m is divided by 55.
50
Let j = -94356 - -94532. Calculate the remainder when j is divided by -1 + 62 - (-3 - -2).
52
Let c = 31 + -28. Let d be 1/c*(15 + -9). Calculate the remainder when (0 + d/6)*19*21 is divided by 15.
13
Suppose -44*z - j - 192 = -45*z, 3*j + 954 = 5*z. What is the remainder when z is divided by 93?
3
Suppose 30*k + 4*k = 5*k + 14732. Calculate the remainder when k is divided by 118.
36
Suppose -67*j - 82 = -69*j. Suppose 4*d = 5*h - 10*h + 90, -3*d = 4*h - 71. Calculate the remainder when j is divided by h.
13
Suppose 0 = -4*j + h + 462, 3*j + 3542 - 3872 = -2*h. Calculate the remainder when j is divided by 96.
18
Suppose 64 = 2*m + 2*w, 3*m + w + w - 91 = 0. What is the remainder when 1/(4/1264*4) is divided by m?
25
Suppose 4*t - 581 = -4*d - 361, -9 = 3*t. Suppose -4*m = -2*m - 228. What is the remainder when m is divided by d?
56
Let j = -730 + 256. Let v = j - -484. What is the remainder when 36 is divided by v?
6
Suppose 1143*m = -2*w + 1142*m + 321, 2*m + 342 = 2*w. What is the remainder when 243 is divided by w?
79
Suppose -l = -6 - 59. Let m = -1 - l. What is the remainder when (-4)/(-6)*(-8 - (m + -2)) is divided by 14?
12
Let m(f) = 230*f + 411. What is the remainder when m(4) is divided by 70?
1
Let h(z) = -14*z + 47. Let n be h(-15). Suppose 3*w + 5*r = n + 422, -5*r - 213 = -w. Let t(g) = 2*g - 6. What is the remainder when w is divided by t(19)?
31
Let j(u) = 7*u**3 - 768*u**2 - 222*u + 238. Calculate the remainder when 1740 is divided by j(110).
12
What is the remainder when 868 is divided by 26 - (-7 - 4 - -8)?
27
Let b = -160 - -163. Suppose 5*n - p = 80, -3*n + 36 + 12 = 5*p. What is the remainder when (b - 3) + 2 - -29 is divided by n?
15
Let l(a) = 171*a + 12. Let o be l(1). Let s = 210 - o. What is the remainder when 90 is divided by s?
9
Let l = 395 + -379. Calculate the remainder when (-1434)/(-18) - 4/6 is divided by l.
15
Let a = -1083 + 2760. Calculate the remainder when a is divided by 140.
137
Let w = -5028 - -5102. What is the remainder when 429 is divided by w?
59
Suppose -u = 3*h - 0*u - 223, 10 = -2*u. Suppose -7*y + 92 = -h. Calculate the remainder when 163 is divided by y.
19
Let p(s) = s**3 - 4*s**2 + s - 4. Let b be p(4). Suppose b = -331*w + 333*w - 152. Calculate the remainder when w is divided by 21.
13
Let m be ((-96)/(-72) - 550/12)*-2. Let c = m + -68. Calculate the remainder when c is divided by 14.
7
Let c(w) = 9*w**2 + 2*w + 2. Let g be (2 - 3) + (-1)/1. What is the remainder when c(g) is divided by 15 + (-9)/(72/88)?
2
Suppose -5*d - 112 + 22 = -5*s, 104 = 5*s + 2*d. What is the remainder when 8/((-180)/1595 - 2/(-11)) is divided by s?
16
Suppose 0 = 3*m - 628*m + 1559375. Calculate the remainder when m is divided by 416.
415
Suppose 6*i - 3*c - 18 = 3*i, -c = -3*i + 20. Suppose 0 = i*z - 3*z - 28. Let k = -140096 - -140109. Calculate the remainder when k is divided by z.
6
Suppose 43*c - 24947 + 6812 = -2*c. What is the remainder when 806 is divided by c?
0
Suppose -3*r = 3*b - 2073, -10*b - 8 = -12*b. Calculate the remainder when r is divided by 26.
11
Let x be 0*(-2 - 9/(-6)). Suppose -5*l + l - 4*u + 296 = x, -3*l + u = -238. Let b(a) = -a**2 - 132*a - 2304. What is the remainder when l is divided by b(-21)?
24
Let g(k) = -3*k - 12. Let z be g(-26). Suppose -z*m + 62*m + 632 = 0. What is the remainder when m is divided by 10?
8
Calculate the remainder when (((-639210)/44)/39)/(3/(-6)) is divided by 63.
52
Let t(h) = 3*h**2 + 7*h + 13. Let z be 2/(1 + (-11)/((-33)/(-6))). Calculate the remainder when 11 is divided by t(z).
0
Let s be (18/(-12))/(9/6). What is the remainder when 27 is divided by s/(-2)*-2 + 11 + 5?
12
Suppose -10*f - 29*f + 240 = 9*f. Calculate the remainder when 1677 is divided by f.
2
Let w be -1 + -4 + 1 + 9 + 1. Suppose -5*y + 317 = 3*t, -131 = -2*y - 3*t - w. Calculate the remainder when 123 is divided by y.
59
What is the remainder when 307 is divided by -7 - (-119 - (13 + -25))?
7
Suppose 0 = y - w - 3870, 2*y + y - 11618 = -5*w. Calculate the remainder when y is divided by 13.
10
Let l = 24224 - 24223. Let v(i) = i**3 + i + 1. Suppose 6*t = 3*t. What is the remainder when l is divided by v(t)?
0
Let n be (-23)/(-4) - (77/28 - 2). Suppose -3*r + 310 + 122 = -3*l, -n*l + 260 = 2*r. Calculate the remainder when r is divided by 12.
8
Let s(u) = -149*u + 1442. What is the remainder when s(4) is divided by 14?
6
Calculate the remainder when 8826/42 + -6 - (-1)/(-7) is divided by 17.
0
Let t = -2754 - -2764. Let a(m) = 4*m**2 + 4*m**2 - m**2 - 4*m**2. What is the remainder when a(3) is divided by t?
7
Suppose 3*h - 15876 = -4*n, 26482 = 3*h + 2*h + 3*n. Calculate the remainder when h is divided by 9.
8
Suppose o = 3*b - 16, 8 = 8*o - 10*o. Suppose -5*k + 1 = -4, b*x - 24 = 4*k. What is the remainder when 17 is divided by x?
3
Let n = 171 + -92. Let j = 26 - n. Let r = j + 82. Calculate the remainder when r is divided by 8.
5
What is the remainder when (-2*111/12)/(28/(-784)) is divided by 104?
102
Suppose -4422 = -149*d + 925 + 1507. Calculate the remainder when 441 is divided by d.
27
What is the remainder when 170 is divided by (-38048)/(-1722) + 2/(-21)?
16
Suppose -11*x - 9 = -130. Suppose -438 = -x*b - 185. What is the remainder when 66 is divided by b?
20
Let q(u) = 118*u + 4529. Calculate the remainder when q(-15) is divided by 12.
11
Let z = -555 + 577. Suppose z*m - 154 - 308 = 0. Let n(s) = -s**2 + s + 124. Calculate the remainder when n(0) is divided by m.
19
Suppose 2*k = o - 71, o + 12 = 5*k + 89. Let d = 38 - 15. What is the remainder when o is divided by d?
21
Let a = -5001 - -5114. What is the remainder when 351 is divided by a?
12
Suppose 44*i + 1074 - 4902 = 0. Calculate the remainder when 263 is divided by i.
2
Let n(d) = 20*d + 107. Suppose 12*o = 8*o + 5*r + 1145, 4*r + 289 = o. What is the remainder when o is divided by n(-5)?
5
Let i be (-2)/5*4*(-50)/4. Suppose i*f - 3 = -2*a + 23*f, -5*f = -3*a + 3. Calculate the remainder when 6 is divided by a.
0
Let k = 7 + -55. What is the remainder when 67 is divided by k/9*-3*(-1)/(-2)?
3
What is the remainder when 272 is divided by (-1666)/(-42) - (-4)/(-36)*6?
38
Let r(l) = l**2 - 15*l